{"id":1788,"date":"2020-06-11T16:24:41","date_gmt":"2020-06-11T19:24:41","guid":{"rendered":"http:\/\/www.aluviconstrucciones.com.ar\/?page_id=1788"},"modified":"2020-06-11T16:42:09","modified_gmt":"2020-06-11T19:42:09","slug":"coverglass","status":"publish","type":"page","link":"https:\/\/www.aluviconstrucciones.com.ar\/index.php\/coverglass\/","title":{"rendered":"Coverglass"},"content":{"rendered":"\n<div class=\"wp-block-image\"><figure class=\"alignleft size-large is-resized\"><img decoding=\"async\" src=\"http:\/\/www.aluviconstrucciones.com.ar\/wp-content\/uploads\/2020\/06\/logo_viio_osc.png\" alt=\"\" class=\"wp-image-1789\" width=\"150\" height=\"150\" srcset=\"https:\/\/www.aluviconstrucciones.com.ar\/wp-content\/uploads\/2020\/06\/logo_viio_osc.png 300w, https:\/\/www.aluviconstrucciones.com.ar\/wp-content\/uploads\/2020\/06\/logo_viio_osc-150x150.png 150w\" sizes=\"(max-width: 150px) 100vw, 150px\" \/><\/figure><\/div>\n\n\n\n<p>La innovadora l\u00ednea de vidrios para revestimientos, no transl\u00facidos, pintados en su cara posterior.<br>Se presenta en acabados brillantes o satinados.<br>Uso exclusivo en interiores. <br>Ideal para utilizar en ba\u00f1os, cocinas y ambientes principales; vestidores, frentes de placards, muebles, tapas de mesa y todo tipo de revestimientos innovadores.<br>En proyectos no residenciales, aporta elegancia y jerarqu\u00eda en recepciones, lobbies, salas de reuni\u00f3n y tabiquer\u00eda de interiores.<br><br><\/p>\n\n\n\n<div class=\"wp-block-image\"><figure class=\"alignright size-large\"><img fetchpriority=\"high\" decoding=\"async\" width=\"452\" height=\"285\" src=\"http:\/\/www.aluviconstrucciones.com.ar\/wp-content\/uploads\/2020\/06\/coverglass.jpg\" alt=\"\" class=\"wp-image-1791\" srcset=\"https:\/\/www.aluviconstrucciones.com.ar\/wp-content\/uploads\/2020\/06\/coverglass.jpg 452w, https:\/\/www.aluviconstrucciones.com.ar\/wp-content\/uploads\/2020\/06\/coverglass-300x189.jpg 300w\" sizes=\"(max-width: 452px) 100vw, 452px\" \/><\/figure><\/div>\n\n\n\n<p><strong><em>COVERGLASS<\/em><\/strong><\/p>\n\n\n\n<p>Estos son vidrios monol\u00edticos para revestimientos, no transl\u00facidos, pintados en su cara posterior dejando a la vista un acabado brillante. <br>Cuenta con una amplia gama de colores que brindan una agradable \u00a0sensaci\u00f3n reflejando la luz de manera inusual.<br><br><br><br><br><br><br><\/p>\n\n\n\n<div class=\"wp-block-image\"><figure class=\"alignright size-large is-resized\"><img decoding=\"async\" src=\"http:\/\/www.aluviconstrucciones.com.ar\/wp-content\/uploads\/2020\/06\/coverglass-satin.jpg\" alt=\"\" class=\"wp-image-1796\" width=\"452\" srcset=\"https:\/\/www.aluviconstrucciones.com.ar\/wp-content\/uploads\/2020\/06\/coverglass-satin.jpg 521w, https:\/\/www.aluviconstrucciones.com.ar\/wp-content\/uploads\/2020\/06\/coverglass-satin-300x152.jpg 300w\" sizes=\"(max-width: 521px) 100vw, 521px\" \/><\/figure><\/div>\n\n\n\n<p><strong><em>COVERGLASS SATIN<\/em><\/strong><\/p>\n\n\n\n<p>Es un vidrio monol\u00edtico pintado en su cara posterior y su cara exterior sometida a un proceso de satinado. Lo que hace ver unos exclusivos colores y texturas.<br><br><br><br><br><br><br><\/p>\n\n\n\n<div class=\"wp-block-image\"><figure class=\"alignright size-large\"><img decoding=\"async\" width=\"452\" height=\"285\" src=\"http:\/\/www.aluviconstrucciones.com.ar\/wp-content\/uploads\/2020\/06\/coverglass-mist.jpg\" alt=\"\" class=\"wp-image-1801\" srcset=\"https:\/\/www.aluviconstrucciones.com.ar\/wp-content\/uploads\/2020\/06\/coverglass-mist.jpg 452w, https:\/\/www.aluviconstrucciones.com.ar\/wp-content\/uploads\/2020\/06\/coverglass-mist-300x189.jpg 300w\" sizes=\"(max-width: 452px) 100vw, 452px\" \/><\/figure><\/div>\n\n\n\n<p><strong><em>COVERGLASS MIST<\/em><\/strong><\/p>\n\n\n\n<p>Se compone de un vidrio (incoloro o coloreado en la masa) sometido en una de sus caras a un proceso de espejado; a la otra cara se la somete a un satinado, d\u00e1ndole al producto una \u00a0sensaci\u00f3n de profundidad.<br><br><\/p>\n\n\n\n<figure class=\"wp-block-image size-large\"><img loading=\"lazy\" decoding=\"async\" width=\"446\" height=\"177\" src=\"http:\/\/www.aluviconstrucciones.com.ar\/wp-content\/uploads\/2020\/06\/tabla-coverglass.jpg\" alt=\"\" class=\"wp-image-1803\" srcset=\"https:\/\/www.aluviconstrucciones.com.ar\/wp-content\/uploads\/2020\/06\/tabla-coverglass.jpg 446w, https:\/\/www.aluviconstrucciones.com.ar\/wp-content\/uploads\/2020\/06\/tabla-coverglass-300x119.jpg 300w\" sizes=\"(max-width: 446px) 100vw, 446px\" \/><\/figure>\n\n\n\n<p><\/p>\n","protected":false},"excerpt":{"rendered":"<p>La innovadora l\u00ednea de vidrios para revestimientos, no transl\u00facidos, pintados en su cara posterior.Se presenta en acabados brillantes o satinados.Uso exclusivo en interiores. Ideal para utilizar en ba\u00f1os, cocinas y ambientes principales; vestidores, frentes de placards, muebles, tapas de mesa y todo tipo de revestimientos innovadores.En proyectos no residenciales, aporta elegancia y jerarqu\u00eda en recepciones,&hellip;<\/p>\n","protected":false},"author":1,"featured_media":0,"parent":0,"menu_order":0,"comment_status":"closed","ping_status":"closed","template":"","meta":{"footnotes":"","_joinchat":[]},"_links":{"self":[{"href":"https:\/\/www.aluviconstrucciones.com.ar\/index.php\/wp-json\/wp\/v2\/pages\/1788"}],"collection":[{"href":"https:\/\/www.aluviconstrucciones.com.ar\/index.php\/wp-json\/wp\/v2\/pages"}],"about":[{"href":"https:\/\/www.aluviconstrucciones.com.ar\/index.php\/wp-json\/wp\/v2\/types\/page"}],"author":[{"embeddable":true,"href":"https:\/\/www.aluviconstrucciones.com.ar\/index.php\/wp-json\/wp\/v2\/users\/1"}],"replies":[{"embeddable":true,"href":"https:\/\/www.aluviconstrucciones.com.ar\/index.php\/wp-json\/wp\/v2\/comments?post=1788"}],"version-history":[{"count":13,"href":"https:\/\/www.aluviconstrucciones.com.ar\/index.php\/wp-json\/wp\/v2\/pages\/1788\/revisions"}],"predecessor-version":[{"id":1806,"href":"https:\/\/www.aluviconstrucciones.com.ar\/index.php\/wp-json\/wp\/v2\/pages\/1788\/revisions\/1806"}],"wp:attachment":[{"href":"https:\/\/www.aluviconstrucciones.com.ar\/index.php\/wp-json\/wp\/v2\/media?parent=1788"}],"curies":[{"name":"wp","href":"https:\/\/api.w.org\/{rel}","templated":true}]}}