{"id":2,"date":"2020-02-13T17:53:37","date_gmt":"2020-02-13T20:53:37","guid":{"rendered":"http:\/\/aluviconstrucciones.com.ar\/?page_id=2"},"modified":"2020-06-11T16:06:33","modified_gmt":"2020-06-11T19:06:33","slug":"templados-termoendurecidos","status":"publish","type":"page","link":"https:\/\/www.aluviconstrucciones.com.ar\/index.php\/templados-termoendurecidos\/","title":{"rendered":"Templados"},"content":{"rendered":"\n<p><strong><strong>TEMPLADO-TERMO ENDURECIDO<\/strong><br><\/strong>Un termotratamiento es un proceso en el cual se busca alterar las propiedades del vidrio mediante procesos que implican calentamiento del mismo. Se usa para endurecer y el tipo de fractura del vidrio deseado. El tipo de transformaci\u00f3n elegida tendr\u00e1 sus propios procesos de calentamiento: velocidad de ganancia, cantidad de temperatura, tiempo de permanencia, temperatura de enfriamiento, velocidad e enfriamiento. Dentro de los termo procesados usted puede elegir en hojas Templadas y Termo-Endurecidas.<\/p>\n\n\n\n<p><strong>Comparaci\u00f3n de las propiedades del vidrio templado y termoendurecido<\/strong><\/p>\n\n\n\n<div class=\"wp-block-image\"><figure class=\"aligncenter size-large\"><img fetchpriority=\"high\" decoding=\"async\" width=\"841\" height=\"388\" src=\"http:\/\/www.aluviconstrucciones.com.ar\/wp-content\/uploads\/2020\/05\/comparativa-termotemplados.png\" alt=\"\" class=\"wp-image-1417\" srcset=\"https:\/\/www.aluviconstrucciones.com.ar\/wp-content\/uploads\/2020\/05\/comparativa-termotemplados.png 841w, https:\/\/www.aluviconstrucciones.com.ar\/wp-content\/uploads\/2020\/05\/comparativa-termotemplados-300x138.png 300w, https:\/\/www.aluviconstrucciones.com.ar\/wp-content\/uploads\/2020\/05\/comparativa-termotemplados-768x354.png 768w\" sizes=\"(max-width: 841px) 100vw, 841px\" \/><\/figure><\/div>\n\n\n\n<div class=\"wp-block-image\"><figure class=\"alignright size-large\"><img decoding=\"async\" width=\"423\" height=\"333\" src=\"http:\/\/www.aluviconstrucciones.com.ar\/wp-content\/uploads\/2020\/05\/templado-roto.jpg\" alt=\"\" class=\"wp-image-1421\" srcset=\"https:\/\/www.aluviconstrucciones.com.ar\/wp-content\/uploads\/2020\/05\/templado-roto.jpg 423w, https:\/\/www.aluviconstrucciones.com.ar\/wp-content\/uploads\/2020\/05\/templado-roto-300x236.jpg 300w\" sizes=\"(max-width: 423px) 100vw, 423px\" \/><\/figure><\/div>\n\n\n\n<p class=\"has-text-align-left\"><strong>TEMPLADO<\/strong><br>Las tecnolog\u00edas contempor\u00e1nea nos exigen conseguir elementos constructivos no solo bellos, sino tambi\u00e9n seguros para satisfacer las necesidades que el mercado demanda: Frentes de Locales Comerciales, Puertas Externas e Internas, Tabiques de Oficinas y todas las aplicaciones posibles de imaginar.<\/p>\n\n\n\n<p class=\"has-text-align-left\">El vidrio Templado es un pa\u00f1o termo-procesado que tiene una resistencia de hasta 200\u00b0C que logra con la aplicaci\u00f3n de calor de nuestros hornos especiales. <\/p>\n\n\n\n<p class=\"has-text-align-left\">Aluvi cuenta con modernos hornos de producci\u00f3n horizontal industrial. Con solo ver el logo de nuestra empresa en una hoja templada tendr\u00e1 completa garant\u00eda que usted esta frente a un producto de alta calidad y garant\u00eda de seguridad. <\/p>\n\n\n\n<p><strong>TERMO-ENDURECIDO<\/strong><br>Mejorando notablemente la resistencia tanto al impacto humano, como a altas temperaturas. Sin embargo es inferior en algunos aspectos en calidad al templado. Debido a que su enfriamiento es m\u00e1s lento Se consigue mejorar notablemente la resistencia mec\u00e1nica y t\u00e9rmica del<br>vidrio hasta 100\u00b0C, mientras que el vidrio templado es 200\u00b0C<\/p>\n","protected":false},"excerpt":{"rendered":"<p>TEMPLADO-TERMO ENDURECIDOUn termotratamiento es un proceso en el cual se busca alterar las propiedades del vidrio mediante procesos que implican calentamiento del mismo. Se usa para endurecer y el tipo de fractura del vidrio deseado. El tipo de transformaci\u00f3n elegida tendr\u00e1 sus propios procesos de calentamiento: velocidad de ganancia, cantidad de temperatura, tiempo de permanencia,&hellip;<\/p>\n","protected":false},"author":1,"featured_media":0,"parent":0,"menu_order":0,"comment_status":"closed","ping_status":"closed","template":"","meta":{"footnotes":"","_joinchat":[]},"_links":{"self":[{"href":"https:\/\/www.aluviconstrucciones.com.ar\/index.php\/wp-json\/wp\/v2\/pages\/2"}],"collection":[{"href":"https:\/\/www.aluviconstrucciones.com.ar\/index.php\/wp-json\/wp\/v2\/pages"}],"about":[{"href":"https:\/\/www.aluviconstrucciones.com.ar\/index.php\/wp-json\/wp\/v2\/types\/page"}],"author":[{"embeddable":true,"href":"https:\/\/www.aluviconstrucciones.com.ar\/index.php\/wp-json\/wp\/v2\/users\/1"}],"replies":[{"embeddable":true,"href":"https:\/\/www.aluviconstrucciones.com.ar\/index.php\/wp-json\/wp\/v2\/comments?post=2"}],"version-history":[{"count":12,"href":"https:\/\/www.aluviconstrucciones.com.ar\/index.php\/wp-json\/wp\/v2\/pages\/2\/revisions"}],"predecessor-version":[{"id":1784,"href":"https:\/\/www.aluviconstrucciones.com.ar\/index.php\/wp-json\/wp\/v2\/pages\/2\/revisions\/1784"}],"wp:attachment":[{"href":"https:\/\/www.aluviconstrucciones.com.ar\/index.php\/wp-json\/wp\/v2\/media?parent=2"}],"curies":[{"name":"wp","href":"https:\/\/api.w.org\/{rel}","templated":true}]}}